w**3/3 + w**2/2 - 20*w + 3. Let n be v(g). What is the highest common divisor of 242 and n?
22
Suppose -71 = -18*n - 17. Suppose -4*h - 3*c = -n*h - 379, -5*h = -c - 1815. What is the highest common factor of 28 and h?
28
Suppose 23*n - 10*n - 10847 - 42635 = 0. What is the greatest common factor of n and 363?
121
Suppose 3*p = 9 + 6. Suppose -2*f = -p*k + 236 + 215, k - 2*f = 95. Let x = 1 + k. Calculate the greatest common factor of 9 and x.
9
Let g be (-143 - -138)*(2 - (-4826)/(-10)). What is the highest common factor of g and 27?
27
Let g = -10952 - -14152. Calculate the greatest common factor of g and 350.
50
Let j be ((-15)/40 - 21/(-24))*0. Let h be (6 + j)/((-63)/(-7896)). What is the highest common factor of 94 and h?
94
Let r be (-295)/(-2)*(-84)/(-105). Let n = r - 181. Let t = n - -153. Calculate the greatest common divisor of 10 and t.
10
Suppose -x - 1295 = -p, -p + 14*x = 12*x - 1302. What is the highest common factor of p and 104?
8
Suppose 0*m + m - 5 = 0. Let n(v) = 2*v + 38. Suppose 0 = -g - g + 2*d + 14, 3*g - 2*d - 20 = 0. Let j be n(g). What is the greatest common divisor of j and m?
5
Suppose 3*h + 2*v + v = 840, -4*h = -4*v - 1080. Suppose -8*u + 1305 = 425. What is the highest common factor of h and u?
55
Let k(l) = 217 - 11*l - 162 - 131. Let s be k(-8). What is the greatest common divisor of s and 60?
12
Suppose 0 = 84*x - 128941 - 200602 - 6793. What is the highest common divisor of 462 and x?
154
Suppose -11*w + 226 = -7*w - 3*x, 3*x = 5*w - 284. Suppose w = 5*o - 562. Calculate the highest common divisor of o and 310.
62
Suppose 0 = -4*q + m + 1278, -4*q = -0*q - 4*m - 1272. Let x = -309 + q. Calculate the greatest common factor of x and 209.
11
Let c = -17353 - -17554. Calculate the greatest common divisor of 11591 and c.
67
Suppose -9*v + 196 = -7*v. Let x be (-4)/(-8)*(39 + -37 - 724/(-2)). What is the greatest common factor of v and x?
14
Let h be 1430/117 - (0 - 2/(-9)). Suppose -7*n = h*n - 6840. What is the greatest common divisor of n and 80?
40
Let b(v) = 2*v**3 - 4*v**2 - 2*v - 2. Let f be b(4). Let y = 73 - 71. Let l be (y - f/(-5))*5. What is the greatest common factor of 16 and l?
16
Suppose -138 = -7*m + 107. Suppose -m*z + 9*z = -1092. Calculate the greatest common factor of z and 105.
21
Suppose 205 - 1 = 4*c. Let j = -11912 - -11997. What is the highest common divisor of c and j?
17
Let v(l) = -l**2 - 6*l + 98. Let h be 5 + (-7)/21*-9 + -21. Let i be v(h). Calculate the highest common divisor of i and 357.
7
Suppose 0 = 3*w + b - 43, 0 = 2*w + 2*b - 30. Suppose -75*f = -7978 - 1472. Calculate the greatest common factor of f and w.
14
Suppose -p = -6*p + 270. Suppose -66 = -11*k - 11. Suppose -k*o + 4*o = -p. Calculate the highest common factor of 27 and o.
27
Suppose 0 = 7*t - 14. Suppose t*x - 27 = -13. What is the greatest common factor of x and 259?
7
Let c = 14418 - 7740. What is the greatest common divisor of c and 106?
106
Let r be -3 - -3 - -4*10. Let l(b) = -b**3 - 6*b**2 + b + 58. Let x be l(-7). What is the highest common divisor of x and r?
20
Let t be (18 + 2)/((-780)/(-315) + (-80)/70). Let o = 29 - 14. Calculate the greatest common factor of o and t.
15
Suppose 5*h = -2*y + 895, -3*y + 82*h + 1290 = 79*h. What is the highest common factor of y and 240?
15
Let v(a) = -a**3 + 4*a**2 + 12*a - 29. Suppose 2*n = -c + 7, 7*n = 3*n - 4*c + 8. Let x be v(n). What is the greatest common divisor of x and 8?
2
Let v = 5809 + -5805. Calculate the greatest common divisor of 4996 and v.
4
Let n(g) = 2*g**2 - 27*g - 40. Let i be n(15). Suppose -m + 3*u + 101 = 0, -i*m + 2*u + 571 = 79. What is the greatest common factor of 112 and m?
14
Suppose -3*o + 1837 = 5*q, 20*o + 369 = q + 19*o. What is the greatest common factor of q and 128?
16
Suppose -5*l - 4*b + 223 = 0, l = 5*l + 2*b - 182. Let g = -7 + l. Calculate the highest common divisor of g and 50.
10
Let k = 134 - 128. Let p be (0 - k)/((-1)/21). What is the highest common factor of 18 and p?
18
Let y(s) = s**3 - 42*s**2 + 369*s + 132. Let z be y(36). What is the greatest common factor of z and 180?
60
Suppose -7000 = 302*j - 306*j + 4*y, 0 = -4*j + y + 7003. Calculate the highest common factor of j and 1957.
103
Suppose 0 = 18*d - 9*d - 432. Calculate the greatest common divisor of 1104 and d.
48
Suppose 99*s - 30753 - 74385 = 0. What is the highest common factor of 1534 and s?
118
Let x(a) = 76*a + 880. Let g be x(-11). What is the highest common divisor of g and 8580?
44
Suppose 0 = 21*g - 159 - 408. Let h = 188 - 173. What is the greatest common divisor of g and h?
3
Let s = -12281 + 13012. What is the highest common factor of 1377 and s?
17
Let y be -18*(-17)/1836 + 179/6. Calculate the greatest common divisor of y and 1332.
6
Suppose -84*l + 19604 - 9002 + 9054 = 0. Calculate the greatest common divisor of l and 598.
26
Suppose -6*i - 18 = -7*i. Suppose 4*w - 7 = 17. What is the highest common divisor of w and i?
6
Let m be 357/51 + 6*3. What is the greatest common factor of 340 and m?
5
Suppose -139 - 723 = 66*z - 3766. Calculate the greatest common factor of z and 4642.
22
Let b be 1*172 + -39 + 40. Let m = 178 - b. Suppose 3*q - 111 = -l - 2*l, -4*q - 212 = -5*l. What is the highest common divisor of m and l?
5
Let g = 37 + -413. Let h = g - -519. What is the greatest common divisor of 39 and h?
13
Suppose -5*z - 11*n = -13*n - 109, -2*z - 5*n = -32. Calculate the highest common factor of 48 and z.
3
Let l be 2464/(-33)*36/(-14). Suppose 816 = -184*n + l*n. Suppose 0 = 2*q + 2*j - 316, -5*q + 0*j + 785 = 4*j. Calculate the greatest common divisor of n and q.
51
Suppose 4*m = 3*g + 681, 8*m + 4*g = 3*m + 828. Let q be 400/14*m/48. What is the highest common divisor of q and 225?
25
Suppose 883 + 273 = 86*k - 1252. Calculate the highest common divisor of 1050 and k.
14
Let m = 141 + -106. Let c(v) = v**2 + v - 1. Let u be c(3). Let f be u*(3 + -8)*-7. Calculate the highest common divisor of m and f.
35
Let t(i) = -i**2 + 7*i - 38. Let w be t(12). Suppose -230 = -3*s + s. Let u = s + w. What is the highest common factor of 17 and u?
17
Suppose -2*g = -5*k + 2, 0*k - 5*k - 2 = 2*g. Let h be (k - -5) + (4 - 5). Suppose -5*f + h = -56. What is the greatest common factor of f and 24?
12
Suppose -5*d = 6*z - 460, -242 = -3*z + 14*d - 18*d. Suppose -m - m = -170. Let x = m - 57. What is the greatest common divisor of x and z?
14
Suppose 6*f + 20 = 4*i + 9*f, -20 = i + 7*f. What is the greatest common factor of 4184 and i?
8
Suppose 37*d - 39*d = -3*g + 116, 79 = 2*g - d. Calculate the highest common divisor of 1190 and g.
14
Let s(k) = 44*k**2 - 470*k + 26. Let v be s(11). Calculate the highest common divisor of v and 40.
20
Suppose 267 = -n - 139. Let h = -196 - n. Suppose -t + 4*u = u - 105, 0 = -2*t + 5*u + h. What is the greatest common factor of t and 30?
15
Let g(u) = 14*u + 4. Let q be g(4). Suppose -3*t - 366*r + 94 = -367*r, 4*r = -5*t + 134. Calculate the highest common factor of t and q.
30
Let y(g) = 152*g**3 - g**2 + 5*g - 4. Let v be y(1). Suppose 72*m = 64*m + v. Calculate the highest common factor of 57 and m.
19
Suppose 30*d - 36*d + 216 = 0. Suppose 154 + d = -5*n. Let q = n + 80. Calculate the highest common factor of 56 and q.
14
Suppose 0 = 7*s - 247 - 19. Let b = s + -29. Let q be (-1)/2 + 2388/24. Calculate the highest common factor of q and b.
9
Suppose 8*a - 1777 - 1119 = 0. Suppose -a - 54 = -4*n. Calculate the highest common factor of 13 and n.
13
Let t be 20/6*(-30)/(-4). Let i be (-3 + -15)*t/(-30). What is the greatest common factor of i and 10?
5
Let z(p) = 16*p - 16 - 3*p + 13*p - 2*p**2. Let f be z(11). Let q(u) = 13*u**2 + 3*u - 2. Let c be q(2). What is the greatest common factor of c and f?
28
Suppose -112*h = -80 - 32. Calculate the highest common factor of h and 2779.
1
Let p be (5 - 3)*3*(-4)/8. Let q be 16/(p - ((-22)/6 - 0)). Let w be 120/9*12/10. Calculate the greatest common factor of q and w.
8
Let v be ((-15)/35)/((-4)/28). Suppose 3*j + t - 1153 + 84 = 0, -4*j = v*t - 1422. Calculate the greatest common divisor of j and 42.
21
Let j be (-6)/21 + (-468)/(-21). Suppose -2*a = 4*z - 478, -18*a + j*a + 448 = 4*z. Calculate the greatest common divisor of 273 and z.
39
Let d = -1461 - -1465. Suppose